emainder when 294364 is divided by 32706.
10
Calculate the remainder when 11788 is divided by 11021.
767
Calculate the remainder when 234213117 is divided by 45.
42
Calculate the remainder when 121993196 is divided by 50.
46
Calculate the remainder when 18321496 is divided by 29.
21
What is the remainder when 42475570 is divided by 5133?
5128
Calculate the remainder when 134519 is divided by 64835.
4849
What is the remainder when 6292871 is divided by 19?
14
What is the remainder when 16570225 is divided by 43?
3
Calculate the remainder when 239454 is divided by 26420.
1674
Calculate the remainder when 13301918 is divided by 2181.
2180
What is the remainder when 80989995 is divided by 440163?
3
What is the remainder when 2623234 is divided by 1554?
82
Calculate the remainder when 496277 is divided by 165392.
101
Calculate the remainder when 5461147 is divided by 42.
13
What is the remainder when 456043 is divided by 178?
7
What is the remainder when 2871167 is divided by 497?
495
What is the remainder when 39962128 is divided by 7992421?
23
What is the remainder when 842732 is divided by 734?
100
What is the remainder when 108816 is divided by 3292?
180
Calculate the remainder when 1738191 is divided by 7049.
4137
What is the remainder when 125596919 is divided by 40?
39
What is the remainder when 1005432 is divided by 67027?
27
Calculate the remainder when 11182342 is divided by 85.
82
What is the remainder when 6300483 is divided by 1050077?
21
Calculate the remainder when 395577 is divided by 3148.
2077
Calculate the remainder when 124886 is divided by 293.
68
What is the remainder when 1929458 is divided by 148365?
713
Calculate the remainder when 1175151 is divided by 879.
807
What is the remainder when 236254 is divided by 207?
67
What is the remainder when 13315934 is divided by 1141?
464
What is the remainder when 440755 is divided by 109490?
2795
What is the remainder when 115497 is divided by 6239?
3195
What is the remainder when 2778125 is divided by 39687?
35
Calculate the remainder when 712055 is divided by 355933.
189
What is the remainder when 20423731 is divided by 5105931?
7
Calculate the remainder when 19644734 is divided by 935463.
11
What is the remainder when 475897 is divided by 2520?
2137
Calculate the remainder when 2372014528 is divided by 81.
79
What is the remainder when 6521369 is divided by 255?
254
Calculate the remainder when 112220 is divided by 56092.
36
Calculate the remainder when 778955 is divided by 32411.
1091
What is the remainder when 83437 is divided by 14?
11
Calculate the remainder when 30851 is divided by 183.
107
What is the remainder when 47461 is divided by 70?
1
What is the remainder when 3723373 is divided by 32377?
18
Calculate the remainder when 450794 is divided by 15446.
2860
What is the remainder when 655386 is divided by 990?
6
What is the remainder when 329093 is divided by 3326?
3145
Calculate the remainder when 118072 is divided by 45.
37
What is the remainder when 6772776 is divided by 6772750?
26
Calculate the remainder when 26553111 is divided by 124.
123
Calculate the remainder when 286501 is divided by 143241.
19
What is the remainder when 1018498 is divided by 692?
566
What is the remainder when 611350 is divided by 305643?
64
What is the remainder when 12903222 is divided by 556?
130
Calculate the remainder when 816205 is divided by 816198.
7
Calculate the remainder when 117707 is divided by 289.
84
What is the remainder when 8313 is divided by 53?
45
What is the remainder when 17137 is divided by 1672?
417
What is the remainder when 17307507 is divided by 40?
27
Calculate the remainder when 721166 is divided by 1204.
1174
Calculate the remainder when 3753284 is divided by 42.
38
What is the remainder when 48390856 is divided by 164?
32
Calculate the remainder when 53417651 is divided by 952.
931
What is the remainder when 3364251 is divided by 840838?
899
What is the remainder when 70599647 is divided by 547?
545
What is the remainder when 33841 is divided by 482?
101
What is the remainder when 1017600688 is divided by 6?
4
What is the remainder when 2391934 is divided by 2391917?
17
Calculate the remainder when 9479256 is divided by 256196.
4
What is the remainder when 385526 is divided by 128485?
71
Calculate the remainder when 27828 is divided by 766.
252
What is the remainder when 49914 is divided by 24645?
624
What is the remainder when 215466 is divided by 4020?
2406
Calculate the remainder when 89885248 is divided by 305.
223
What is the remainder when 265982 is divided by 88554?
320
What is the remainder when 1174788 is divided by 2857?
561
Calculate the remainder when 18119319 is divided by 1129.
1127
What is the remainder when 5268981 is divided by 474?
471
What is the remainder when 75769 is divided by 507?
226
Calculate the remainder when 785709 is divided by 6953.
20
Calculate the remainder when 1586917 is divided by 163.
112
Calculate the remainder when 20699655 is divided by 10349790.
75
What is the remainder when 1471422 is divided by 3358?
618
What is the remainder when 76187728 is divided by 1468?
1464
What is the remainder when 108857 is divided by 13581?
209
What is the remainder when 31274869 is divided by 84?
73
Calculate the remainder when 288674 is divided by 482.
438
Calculate the remainder when 28302422 is divided by 14151208.
6
Calculate the remainder when 158269 is divided by 49136.
10861
What is the remainder when 1193137 is divided by 596087?
963
Calculate the remainder when 1738063 is divided by 3591.
19
Calculate the remainder when 2325775 is divided by 236.
231
What is the remainder when 1628098 is divided by 785?
8
Calculate the remainder when 120055 is divided by 79.
54
What is the remainder when 35345 is divided by 11747?
104
What is the remainder when 2741867 is divided by 8112?
11
Calculate the remainder when 60311 is divided by 7152.
3095
What is the remainder when 18103007 is divided by 9478?
27
What is the remainder when 88401 is divided by 232?
9
Calculate the remainder when 36857913 is divided by 2925.
2913
What is the remainder when 5836864 is divided by 112?
96
Calculate the remainder when 37865147 is divided by 306.
95
Calculate the remainder when 96107965 is divided by 7.
2
Calculate the remainder when 3158046 is divided by 26763.
12
Calculate the remainder when 55957 is divided by 554.
3
What is the remainder when 51777 is divided by 426?
231
What is the remainder when 1189844 is divided by 74363?
36
Calculate the remainder when 1082766 is divided by 135320.
206
What is the remainder when 58527064 is divided by 144?
136
What is the remainder when 253856 is divided by 32?
0
Calculate the remainder when 426706 is divided by 12.
10
What is the remainder when 255976 is divided by 2436?
196
What is the remainder when 33491 is divided by 5341?
1445
What is the remainder when 196261745 is divided by 2065?
15
Calculate the remainder when 431532 is divided by 6258.
5988
What is the remainder when 65589 is divided by 1196?
1005
What is the remainder when 203385 is divided by 3?
0
Calculate the remainder when 553595 is divided by 3008.
123
What is the remainder when 3232768 is divided by 3596?
3560
Calculate the remainder when 51426226 is divided by 11.
5
What is the remainder when 495221 is divided by 247008?
1205
What is the remainder when 770600 is divided by 3184?
72
Calculate the remainder when 147562 is divided by 146418.
1144
Calculate the remainder when 2967351 is divided by 965.
941
Calculate the remainder when 62153 is divided by 253.
168
What is the remainder when 1093826 is divided by 20638?
12
What is the remainder when 27217329 is divided by 13608661?
7
Calculate the remainder when 220742 is divided by 12259.
80
What is the remainder when 2626185 is divided by 1036?
961
What is the remainder when 155996 is divided by 2433?
284
What is the remainder when 425855 is divided by 9712?
8239
What is the remainder when 493517 is divided by 396?
101
Calculate the remainder when 774455 is divided by 193435.
715
What is the remainder when 9663 is divided by 2378?
151
Calculate the remainder when 91821 is divided by 6899.
2134
Calculate the remainder when 33330 is divided by 8171.
646
What is the remainder when 8330180 is divided by 54